undreds digit of z?
1
Suppose 41 + 119 = -8*m. What is the units digit of 18/24 - 32485/m?
5
Suppose -5*j - 5*n = -4625, -5*j = 4*n + 1148 - 5769. Suppose -9*p + j = 147. What is the tens digit of p?
8
What is the tens digit of ((241992/42)/3)/((-26)/(-91))?
2
Let d = -1864 - -2290. What is the hundreds digit of d?
4
Let g(k) = -2025*k + 326. What is the tens digit of g(-1)?
5
Let i(p) = 79*p**2 - 51*p - 11. What is the units digit of i(-10)?
9
Let h(r) = 12 - 77*r - 44 + 80*r. What is the units digit of h(19)?
5
Let m = -31 + 79. Suppose -11*l - m = -5*l. What is the units digit of (-212)/l - -2 - (-3)/(-2)?
7
Suppose 6*p + 22126 = -17*p. Let t = p + 1760. What is the units digit of t?
8
Suppose 0 = 4*k + z - 22, -2*z + 0*z = -5*k + 34. Suppose 0 = -k*s - 3*s - 1926. Let f = 307 + s. What is the tens digit of f?
9
Let p(y) = -24*y**2 - 3*y - 33. Let q be p(-4). Let i = -1 - q. What is the hundreds digit of i?
4
Let i(z) = z**2 + 2*z + 21. Let v be i(-13). Let p = v - -38. What is the hundreds digit of p?
2
Let i = 561 + -562. What is the tens digit of ((-693)/(-3) - i)/((-6)/(-15))?
8
Let i = 15 + -13. Let z be 1*3/6*(i + -2). Suppose z*w - 3 = -3*w. What is the units digit of w?
1
Let f = 45175 - 17723. What is the tens digit of f?
5
Let k(p) = p**2 - 3*p - 6. Let w be k(6). Suppose 2*z = -q, 5*q + 0*z = 2*z + w. Suppose -h - 2*h = 0, q*f = -4*h + 76. What is the units digit of f?
8
Suppose -25 = -5*o - 150. Let x(a) = a**2 + 26*a + 26. Let p be x(o). What is the tens digit of (((-169)/4)/p)/((-28)/112)?
6
Let p = -235 + 486. Let z = 874 + -1029. Let a = z + p. What is the tens digit of a?
9
Let o = 10 + 4. Suppose 21*u - o*u = 14. Suppose h + i - 124 = 2*i, u*h - 251 = -i. What is the hundreds digit of h?
1
Let l(b) = -15*b + 13 - 13*b - 15*b + 35*b. Let n(s) = 9*s - 14. Let k(t) = -3*l(t) - 2*n(t). What is the tens digit of k(10)?
4
Let s be 3/((-290)/(-288) - -1 - 2). What is the hundreds digit of s - (3 - 1)*1?
4
Let s(z) = -3*z - 195. Let d(x) = -2*x - 97. Let y(h) = -9*d(h) + 4*s(h). What is the units digit of y(25)?
3
Let p(m) = -m - 23. Let r be p(-19). Let u be r + 2 + 6 + -2. Suppose 0*x + 5*n + 269 = 4*x, -6 = -u*n. What is the tens digit of x?
7
Suppose -16*s + 7*s - 17*s + 4654 = 0. What is the tens digit of s?
7
Suppose -2*h = 6*h - 40. Let m(c) = -3*c**2 + 4*c - 2. Let u be m(h). Let y = 34 - u. What is the tens digit of y?
9
Let a = 46 - 74. Let s be 14/a - (-29)/2. Let u(o) = o**2 - 11*o - 31. What is the units digit of u(s)?
1
Suppose -2*z - 4*h + 1018 + 15304 = 0, 2*h - 16334 = -2*z. What is the units digit of z?
3
Let l be (-12)/(-16) - (-69)/4. Let k = 2 + l. What is the tens digit of (-311)/(-2) + k/(-8)?
5
Let r = -587 + 931. Let i = -148 + r. What is the tens digit of i?
9
Let v be (-1 - 0) + 5 + 5168. Suppose 0 = 5*k + 3*o - v, 10*o - 5*o = 2*k - 2044. What is the units digit of k?
2
Let b = 217 + -235. What is the hundreds digit of (-2)/b - (-17564)/36?
4
Let o be (-280 + 2)*8/(-16). Let u = o + 43. What is the tens digit of u?
8
Suppose -171 = 10*v - 161. Let l(p) = 32*p - 16. Let o(w) = w + 1. Let s(c) = -l(c) - 24*o(c). What is the units digit of s(v)?
8
What is the tens digit of 7002 + ((22 + -22)/(4 + -2))/2?
0
Suppose 567815 = -50*k + 2823665. What is the ten thousands digit of k?
4
Let s(j) = 16543*j**2 + 50*j - 8. What is the units digit of s(2)?
4
Let n = -554 - -8768. What is the tens digit of n?
1
Suppose -4*a + 716 = 4*x, 4*a - x = 3*x + 676. Suppose 3*t + 3 = 3*v - 12, -5*t - 25 = -v. Suppose v = 7*y - a - 43. What is the units digit of y?
1
Let p = -226 - -228. What is the tens digit of (-1 + 30/(-24))*(-56)/p?
6
Let m = 16333 + -4326. What is the hundreds digit of m?
0
Let i = -826 + 831. Suppose i*s - 5125 - 3110 = 0. What is the tens digit of s?
4
Let j be 24/36 - (-8)/6. Let t be (2/12*-3)/(j/(-240)). Suppose t = 9*z - 8*z. What is the units digit of z?
0
Suppose -528 = -11*g + 9*g. Let s = 716 + g. What is the hundreds digit of s?
9
Let n = -1247 - -1250. Let t(o) = o - 3. Let z be t(0). What is the tens digit of 22*(0 - n/6*z)?
3
Suppose o - 2*j = 17 - 3, -5*o = 4*j. Suppose -194 = -x + l + 16, -5*x + o*l + 1045 = 0. What is the units digit of x?
5
Suppose -d - 1 = 0, 3*p + 13*d = 15*d + 25550. What is the units digit of p?
6
Let a be (-2040)/(-120) + -18 + 1. Let f(u) = u + 1. Let v(l) = 7*l - 81. Let n(j) = 6*f(j) - v(j). What is the tens digit of n(a)?
8
Let y = -1367 + 15042. What is the units digit of y?
5
Let b(h) be the second derivative of 11*h**4/4 + 5*h**3/6 + h**2 - 99*h. What is the hundreds digit of b(-2)?
1
Suppose -a - 35 + 35 = 0. Suppose 16*m + 359 - 1735 = a. Suppose m = 2*f - 78. What is the units digit of f?
2
Let v be (-7)/((-378)/11544) + (-4)/(-18). Let i = v - -77. What is the units digit of i?
1
Suppose 2*o + 29831 = 8*o - 19765. What is the tens digit of o?
6
Let q = -3473 - -15322. What is the thousands digit of q?
1
Let a(j) be the second derivative of j**4/12 - 11*j**3/6 + 63*j**2/2 + 61*j. What is the tens digit of a(-20)?
8
Let z(q) = -3*q**3 + 1. Let g be z(-1). Let k be (-23)/(g + -5 + 2). Let d = k + 28. What is the units digit of d?
5
Let c = 115508 + -81623. What is the hundreds digit of c?
8
Let n be 6 + -9 - -2 - -949. Suppose n - 20 = 4*f. What is the hundreds digit of f?
2
Let y be (116/(-12) + 5)*18. What is the units digit of 3658/14 + 24/y?
1
Let l(y) = y**3 + y**2 - y - 1. Let z be l(-1). Suppose z = -7*q + 16*q. Suppose q = -3*i - 3*k + 756, -2*i + 194 + 309 = 3*k. What is the units digit of i?
3
Suppose -12*f + 7*f + 30 = 0. Suppose 6 = -5*v + f*v. Suppose -v*d + 7*d - 17 = 0. What is the tens digit of d?
1
Let c(r) = 24*r**3 + 1 + 6*r**2 - r - 3 + 27*r**3 - 49*r**3. Let u be c(-3). What is the tens digit of u*27 + 56/(-14)?
2
Let d be (468/(-30)*-5)/(2/(-9)). Let q = d + 171. Let o = 333 + q. What is the tens digit of o?
5
Suppose -8*y - 72 = -2*y. Let k = 36 + y. Suppose b = -5*a + k, -b + 3*a = 3*b - 4. What is the units digit of b?
4
What is the units digit of -11 + 4 + (12 + 2 - 6)?
1
Suppose -2*w + 0 = -4. Suppose 5 = w*c - c. Suppose -3*f - c*y + 133 = 43, -2*y - 44 = -2*f. What is the units digit of f?
5
Let j be 111/((-4)/(80/15)). Let w = j - -164. What is the units digit of w?
6
Suppose -12*t + 32799 = -36321. What is the units digit of t?
0
Let i(l) = -4039*l - 28. Let y be i(4). What is the hundreds digit of (-6)/(-15) - y/40?
4
Let d = 60 + -39. Let m(q) = q**3 - 20*q**2 - 15*q - 51. Let h be m(d). Suppose 0 = i + 4*x - h, -5*i + x + 0*x + 354 = 0. What is the tens digit of i?
7
Suppose -4264 = -4*f + 2240. Suppose -7*b = -f + 163. Let r = -93 + b. What is the units digit of r?
6
Suppose 60*p - 246615 - 1478805 = 0. What is the thousands digit of p?
8
What is the units digit of -13 + 3*(-100256)/(-16)?
5
Suppose 6*q - 175 + 283 = 0. Let d(s) = s**2 - 15*s - 60. What is the hundreds digit of d(q)?
5
Let n = 198 + 645. What is the units digit of n?
3
Let x be 21/(-63)*(0 - -21). What is the units digit of (x/14)/((-3)/1560)?
0
Let b = -318 + 316. What is the units digit of ((-72)/(-27))/(4/1002) + b?
6
Let g(q) = q**3 - 29*q**2 + 77*q + 28. Let a be g(26). Suppose -4*j - 5*c = -315, 4*c + 324 = 2*j + a*j. What is the tens digit of j?
8
Suppose -5*a = 2*h - 67982, -13*a + 4*h = -14*a + 13600. What is the ten thousands digit of a?
1
Let y(z) = 4*z**2 + 12*z - 26. Let i be y(4). Suppose -92*n = -i*n - 6042. What is the hundreds digit of n?
0
Suppose -1 = 2*o - 5. Suppose -25 - 174 = v - o*i, 0 = -4*i + 4. Let z = 302 + v. What is the hundreds digit of z?
1
Let f(l) = 51*l**2 - 5. Let b be f(4). Let s(y) = 25*y**2 + 44*y + 15. Let i be s(-4). Suppose 13*n = -i + b. What is the tens digit of n?
4
Let n = 352 + 3476. What is the tens digit of n?
2
Let k be -1 + 269 - 12/4. Suppose 4*q = -73 + k. Suppose -f + q = -3*p, -28 = -f - p + 16. What is the tens digit of f?
4
Let i(w) be the second derivative of 3*w**3/2 + 76*w**2 + 2*w - 2. What is the units digit of i(0)?
2
Suppose 0 = -2*s - 4, 12*s - 14*s - 1614 = 5*l. Let t = l - -1063. What is the hundreds digit of t?
7
Suppose -3350*z = -3331*z - 118104. What is the tens digit of z?
1
Let s be ((-6)/(-10))/(9/225). What is the tens digit of ((-5)/(s/97))/(3/(-45))?
8
Suppose -127862 = -34*a +